-1001100 (base 2) in base 6?
-204
What is -15 (base 8) in base 15?
-d
Convert -1125 (base 6) to base 3.
-100222
11111 (base 2) to base 8
37
What is 19 (base 11) in base 7?
26
What is -1010 (base 2) in base 5?
-20
Convert -62 (base 15) to base 12.
-78
Convert -23 (base 5) to base 7.
-16
Convert 74 (base 12) to base 6.
224
Convert -11 (base 9) to base 2.
-1010
Convert -11 (base 3) to base 5.
-4
-11 (base 3) to base 5
-4
What is 14 (base 7) in base 12?
b
3 (base 5) to base 8
3
-2 (base 8) to base 15
-2
Convert 84 (base 10) to base 14.
60
-12 (base 7) to base 3
-100
21 (base 6) to base 11
12
Convert 123 (base 5) to base 8.
46
What is 5 (base 12) in base 7?
5
Convert -15 (base 16) to base 6.
-33
Convert -2 (base 5) to base 6.
-2
What is 0 (base 6) in base 10?
0
What is 10 (base 3) in base 14?
3
What is -200 (base 5) in base 7?
-101
What is 37 (base 8) in base 16?
1f
What is -98 (base 14) in base 15?
-8e
What is 24 (base 6) in base 2?
10000
Convert 50 (base 10) to base 5.
200
What is 120 (base 6) in base 5?
143
15 (base 11) to base 6
24
Convert 200 (base 6) to base 7.
132
-132 (base 10) to base 5
-1012
8 (base 13) to base 6
12
Convert 0 (base 13) to base 9.
0
What is 2 (base 7) in base 2?
10
Convert -4 (base 13) to base 3.
-11
Convert -1010111 (base 2) to base 9.
-106
a (base 11) to base 6
14
Convert 57 (base 15) to base 12.
6a
Convert -66 (base 7) to base 11.
-44
Convert 2 (base 14) to base 7.
2
Convert 13 (base 15) to base 3.
200
Convert 17 (base 9) to base 8.
20
What is 55 (base 6) in base 3?
1022
Convert 166 (base 8) to base 10.
118
What is -2 (base 5) in base 14?
-2
What is 3 (base 15) in base 2?
11
What is 6 (base 10) in base 13?
6
-2220 (base 3) to base 15
-53
What is -201 (base 3) in base 12?
-17
Convert -90 (base 10) to base 9.
-110
-100 (base 3) to base 9
-10
What is -31 (base 16) in base 8?
-61
What is 4 (base 14) in base 4?
10
What is -1 (base 4) in base 12?
-1
3 (base 5) to base 11
3
Convert 3 (base 7) to base 12.
3
Convert -26 (base 15) to base 16.
-24
Convert -5 (base 15) to base 8.
-5
Convert 1d (base 15) to base 13.
22
What is 3 (base 14) in base 12?
3
Convert -12132 (base 4) to base 13.
-25b
What is 125 (base 16) in base 12?
205
Convert -b (base 12) to base 10.
-11
Convert -24 (base 14) to base 15.
-22
4 (base 11) to base 9
4
-60 (base 14) to base 6
-220
Convert -13 (base 5) to base 3.
-22
Convert 2 (base 13) to base 16.
2
-3 (base 7) to base 13
-3
What is -27 (base 9) in base 5?
-100
Convert -34 (base 8) to base 9.
-31
Convert 45 (base 15) to base 11.
5a
What is -10 (base 15) in base 8?
-17
Convert -39 (base 16) to base 7.
-111
What is -24 (base 14) in base 2?
-100000
What is -2 (base 6) in base 4?
-2
What is -1024 (base 6) in base 14?
-128
-13 (base 6) to base 11
-9
Convert 2 (base 3) to base 14.
2
What is 8 (base 14) in base 16?
8
What is -234 (base 6) in base 7?
-163
What is -21 (base 5) in base 10?
-11
What is -3 (base 7) in base 4?
-3
-2 (base 13) to base 8
-2
What is 3 (base 5) in base 3?
10
-18 (base 10) to base 6
-30
What is -4 (base 16) in base 8?
-4
-7 (base 16) to base 11
-7
-12 (base 3) to base 11
-5
What is 4 (base 14) in base 3?
11
0 (base 16) to base 7
0
What is -74 (base 14) in base 8?
-146
Convert -2 (base 4) to base 15.
-2
-344 (base 5) to base 2
-1100011
What is 103 (base 6) in base 12?
33
Convert 14 (base 7) to base 4.
23
Convert 4 (base 16) to base 14.
4
Convert 3 (base 9) to base 6.
3
Convert 2 (base 4) to base 9.
2
What is -3 (base 7) in base 10?
-3
What is 5 (base 6) in base 15?
5
-1 (base 12) to base 5
-1
111100 (base 3) to base 4
11220
-47 (base 8) to base 6
-103
12 (base 13) to base 9
16
What is 4 (base 12) in base 9?
4
Convert 30 (base 4) to base 7.
15
What is -3 (base 6) in base 15?
-3
What is 4 (base 5) in base 10?
4
-14 (base 13) to base 14
-13
What is -110 (base 6) in base 15?
-2c
-10001 (base 2) to base 3
-122
Convert 22 (base 8) to base 13.
15
What is 42 (base 6) in base 15?
1b
2 (base 12) to base 15
2
What is -3 (base 4) in base 11?
-3
-104 (base 5) to base 2
-11101
-9 (base 13) to base 14
-9
Convert 0 (base 5) to base 10.
0
Convert -68 (base 13) to base 4.
-1112
What is 6 (base 7) in base 12?
6
-5 (base 8) to base 14
-5
-23 (base 12) to base 16
-1b
-3 (base 5) to base 9
-3
Convert 6 (base 10) to base 4.
12
Convert -3 (base 15) to base 6.
-3
What is 101 (base 2) in base 4?
11
12 (base 5) to base 12
7
What is 0 (base 10) in base 15?
0
b (base 16) to base 13
b
Convert 66 (base 16) to base 6.
250
What is -135 (base 11) in base 12?
-113
Convert -6 (base 8) to base 4.
-12
What is 32 (base 10) in base 7?
44
What is 1 (base 16) in base 14?
1
Convert 71 (base 8) to base 13.
45
-6 (base 7) to base 8
-6
Convert -5 (base 6) to base 5.
-10
What is c (base 15) in base 12?
10
What is 100 (base 2) in base 6?
4
Convert 15 (base 13) to base 12.
16
-220 (base 7) to base 16
-70
What is 35 (base 14) in base 6?
115
-100 (base 3) to base 9
-10
Convert 64 (base 7) to base 4.
232
Convert 134 (base 11) to base 6.
422
70 (base 15) to base 6
253
Convert -1 (base 5) to base 11.
-1
112 (base 4) to base 13
19
Convert 4 (base 13) to base 5.
4
Convert 2210 (base 3) to base 9.
83
-4 (base 13) to base 14
-4
What is -114 (base 5) in base 3?
-1021
What is 13 (base 8) in base 9?
12
Convert -22 (base 6) to base 12.
-12
Convert -101 (base 2) to base 13.
-5
What is -213 (base 7) in base 3?
-11000
What is -4 (base 15) in base 7?
-4
Convert -5 (base 6) to base 4.
-11
What is -10 (base 11) in base 9?
-12
What is 0 (base 5) in base 13?
0
Convert -3 (base 13) to base 9.
-3
Convert 5 (base 15) to base 12.
5
Convert -52 (base 14) to base 13.
-57
What is -3 (base 7) in base 6?
-3
What is 55 (base 6) in base 11?
32
What is -24 (base 16) in base 15?
-26
What is 163 (base 7) in base 16?
5e
Convert -3 (base 10) to base 12.
-3
What is -2 (base 12) in base 7?
-2
What is 0 (base 7) in base 16?
0
Convert -1 (base 12) to base 16.
-1
1 (base 8) to base 10
1
Convert 1010 (base 2) to base 12.
a
Convert 40 (base 9) to base 6.
100
Convert 6 (base 16) to base 3.
20
-4 (base 5) to base 16
-4
5 (base 14) to base 2
101
Convert 135 (base 6) to base 5.
214
Convert -3 (base 4) to base 11.
-3
Convert 100010 (base 2) to base 9.
37
Convert -229 (base 12) to base 7.
-636
-51 (base 16) to base 2
-1010001
Convert 9 (base 10) to base 6.
13
-14 (base 5) to base 11
-9
What is -11 (base 3) in base 5?
-4
Convert 24 (base 14) to base 15.
22
53 (base 10) to base 5
203
What is 28 (base 13) in base 9?
37
What is 5 (base 7) in base 10?
5
What is -26 (base 11) in base 14?
-20
-8 (base 15) to base 3
-22
Convert -120 (base 4) to base 15.
-19
3 (base 7) to base 16
3
What is -42 (base 11) in base 14?
-34
Convert -211 (base 3) to base 4.
-112
3 (base 6) to base 2
11
What is 3 (base 5) in base 4?
3
Convert -34 (base 5) to base 7.
-25
Convert 2 (base 4) to base 3.
2
0 (base 13) to base 10
0
What is -1011 (base 2) in base 14?
-b
Convert 113 (base 4) to base 11.
21
-1 (base 11) to base 4
-1
-6 (base 11) to base 5
-11
What is 32 (base 6) in base 5?
40
Convert 22 (base 7) to base 13.
13
Convert b (base 15) to base 7.
14
7 (base 9) to base 12
7
What is 7 (base 16) in base 7?
10
What is -9 (base 15) in base 14?
-9
What is 67 (base 14) in base 4?
1123
What is -3 (base 11) in base 2?
-11
Convert -5 (base 10) to base 3.
-12
Convert -2 (base 4) to base 6.
-2
-2100 (base 3) to base 11
-58
Convert -2 (base 3) to base 9.
-2
-14 (base 7) to base 6
-15
What is -251 (base 6) in base 10?
-103
81 (base 11) to base 6
225
What is 55 (base 6) in base 12?
2b
8 (base 13) to base 15
8
What is 1 (base 10) in base 14?
1
-6 (base 14) to base 6
-10
c (base 14) to base 9
13
What is 40 (base 7) in base 6?
44
What is 122 (base 9) in base 5?
401
1 (base 6) to base 7
1
What is 2 (base 4) in base 12?
2
What is -3 (base 7) in base 5?
-3
What is -3 (base 8) in base 4?
-3
-12 (base 7) to base 3
-100
Convert 11 (base 5) to base 6.
10
21 (base 14) to base 9
32
-1000 (base 2) to base 15
-8
Convert -212 (base 4) to base 13.
-2c
What is 0 (base 15) in base 5?
0
-3 (base 7) to base 12
-3
1 (base 13) to base 16
1
1 (base 16) to base 3
1
Convert 4 (base 9) to base 8.
4
-42 (base 11) to base 15
-31
What is 134 (base 9) in base 11?
a2
What is 1003 (base 6) in base 4?
3123
Convert -101110 (base 3) to base 13.
-189
What is -2 (bas